{"id":547,"date":"2020-02-03T22:55:20","date_gmt":"2020-02-03T22:55:20","guid":{"rendered":"http:\/\/bomuldification.test\/kunst\/26-kunstnere-26-ar\/"},"modified":"2025-06-26T20:45:22","modified_gmt":"2025-06-26T20:45:22","slug":"26-kunstnere-26-ar","status":"publish","type":"arrangement","link":"https:\/\/bomuldsfabriken.no\/en\/arrangement\/26-kunstnere-26-ar\/","title":{"rendered":"26 KUNSTNERE \u2013 26 \u00c5R"},"content":{"rendered":"<p>&nbsp;<\/p>\n<p>&nbsp;<\/p>\n<p>&nbsp;<\/p>\n<blockquote class=\"wp-embedded-content\" data-secret=\"FT4PfI15Td\">\n<p><a href=\"https:\/\/www.norskebilledkunstnere.no\/billedkunst\/aktuelt\/bomuldsfabriken-kunsthall-markerer-sitt-26-arsjubileum-med-et-sterkt-lag-kunstnere\/\">Bomuldsfabriken Kunsthall markerer sitt 26-\u00e5rsjubileum med et sterkt lag kunstnere<\/a><\/p>\n<\/blockquote>\n<p><iframe loading=\"lazy\" class=\"wp-embedded-content\" sandbox=\"allow-scripts\" security=\"restricted\" style=\"position: absolute; clip: rect(1px, 1px, 1px, 1px);\" title=\"&#8220;Bomuldsfabriken Kunsthall markerer sitt 26-\u00e5rsjubileum med et sterkt lag kunstnere&#8221; &#8212; Norske Billedkunstnere\" src=\"https:\/\/www.norskebilledkunstnere.no\/billedkunst\/aktuelt\/bomuldsfabriken-kunsthall-markerer-sitt-26-arsjubileum-med-et-sterkt-lag-kunstnere\/embed\/#?secret=KVNGlR16z2#?secret=FT4PfI15Td\" data-secret=\"FT4PfI15Td\" width=\"500\" height=\"282\" frameborder=\"0\" marginwidth=\"0\" marginheight=\"0\" scrolling=\"no\"><\/iframe><\/p>\n<p>&nbsp;<\/p>\n<p><a href=\"https:\/\/bomuldsfabriken.no\/wp-content\/uploads\/2020\/02\/Verksliste_1-20.pdf\">Verksliste_1-20<\/a><\/p>\n<p>&nbsp;<\/p>\n<p>Bomuldsfabriken Kunsthall feirer 26-\u00e5rsjubileum i \u00e5r. Vi foretrekker 2020 fremfor 2019 (derfor 26 \u00e5r) og har invitert 26 kunstnere til \u00e5 delta i v\u00e5r jubileumsutstilling. Det er satt sammen et representativt lag av kunstnere som har stilt ut her i \u00e5rene som har g\u00e5tt, med b\u00e5de nye og eldre verk innenfor mange materialer.<\/p>\n<p>&nbsp;<\/p>\n<p>Medvirkende kunstnere:<br \/>\nBerit Marie Friestad, Thomas Hestvold, Leonard Rickhard, H\u00e5kon Bleken, Stein R\u00f8nning, Dag Alveng, Stig Lundgren, Gunnar Torvund, Espen Tveit, Jon Gundersen, John Raustein, Torbj\u00f8rn Kvasb\u00f8, Marit Tingleff, Hanne Heuch, Kari Dyrdal, Hilmar Fredriksen, \u00d8yvind Torseter, Espen Dietrichson, Signe Solberg, Vanna Bowles, Bente Louise Aas, Tina Jonsbu, Mette Stausland, Inger Johanne Rasmussen, Steinar Elstr\u00f8m og Kurt Johannessen.<\/p>\n<p>&nbsp;<\/p>\n<p>Kurator: Harald Solberg<\/p>\n<p>&nbsp;<\/p>\n<p>Foto: Alf Georg Dannevig \u00a9 Bomuldsfabriken Kunsthall<\/p>\n<p>&nbsp;<\/p>\n<p>&nbsp;<\/p>\n<p>&nbsp;<\/p>\n<p>&nbsp;<\/p>","protected":false},"featured_media":248,"template":"","meta":{"_acf_changed":true},"class_list":["post-547","arrangement","type-arrangement","status-publish","has-post-thumbnail","hentry"],"acf":[],"yoast_head":"<!-- This site is optimized with the Yoast SEO plugin v27.5 - https:\/\/yoast.com\/product\/yoast-seo-wordpress\/ -->\n<title>26 KUNSTNERE \u2013 26 \u00c5R - Bomuldsfabriken<\/title>\n<meta name=\"robots\" content=\"index, follow, max-snippet:-1, max-image-preview:large, max-video-preview:-1\" \/>\n<link rel=\"canonical\" href=\"https:\/\/bomuldsfabriken.no\/en\/arrangement\/26-kunstnere-26-ar\/\" \/>\n<meta property=\"og:locale\" content=\"en_GB\" \/>\n<meta property=\"og:type\" content=\"article\" \/>\n<meta property=\"og:title\" content=\"26 KUNSTNERE \u2013 26 \u00c5R - Bomuldsfabriken\" \/>\n<meta property=\"og:description\" content=\"&nbsp; &nbsp; &nbsp; Bomuldsfabriken Kunsthall markerer sitt 26-\u00e5rsjubileum med et sterkt lag kunstnere &nbsp; Verksliste_1-20 &nbsp; Bomuldsfabriken Kunsthall feirer 26-\u00e5rsjubileum i \u00e5r. Vi foretrekker 2020\" \/>\n<meta property=\"og:url\" content=\"https:\/\/bomuldsfabriken.no\/en\/arrangement\/26-kunstnere-26-ar\/\" \/>\n<meta property=\"og:site_name\" content=\"Bomuldsfabriken\" \/>\n<meta property=\"article:publisher\" content=\"https:\/\/www.facebook.com\/Bomuldsfabriken\/\" \/>\n<meta property=\"article:modified_time\" content=\"2025-06-26T20:45:22+00:00\" \/>\n<meta property=\"og:image\" content=\"https:\/\/bomuldsfabriken.no\/wp-content\/uploads\/2025\/06\/Plakat_1-20_900.jpg\" \/>\n\t<meta property=\"og:image:width\" content=\"900\" \/>\n\t<meta property=\"og:image:height\" content=\"675\" \/>\n\t<meta property=\"og:image:type\" content=\"image\/jpeg\" \/>\n<meta name=\"twitter:card\" content=\"summary_large_image\" \/>\n<meta name=\"twitter:site\" content=\"@bomuldsfabriken\" \/>\n<meta name=\"twitter:label1\" content=\"Estimated reading time\" \/>\n\t<meta name=\"twitter:data1\" content=\"1 minute\" \/>\n<script type=\"application\/ld+json\" class=\"yoast-schema-graph\">{\"@context\":\"https:\\\/\\\/schema.org\",\"@graph\":[{\"@type\":\"WebPage\",\"@id\":\"https:\\\/\\\/bomuldsfabriken.no\\\/arrangement\\\/26-kunstnere-26-ar\\\/\",\"url\":\"https:\\\/\\\/bomuldsfabriken.no\\\/arrangement\\\/26-kunstnere-26-ar\\\/\",\"name\":\"26 KUNSTNERE \u2013 26 \u00c5R - Bomuldsfabriken\",\"isPartOf\":{\"@id\":\"https:\\\/\\\/bomuldsfabriken.no\\\/#website\"},\"primaryImageOfPage\":{\"@id\":\"https:\\\/\\\/bomuldsfabriken.no\\\/arrangement\\\/26-kunstnere-26-ar\\\/#primaryimage\"},\"image\":{\"@id\":\"https:\\\/\\\/bomuldsfabriken.no\\\/arrangement\\\/26-kunstnere-26-ar\\\/#primaryimage\"},\"thumbnailUrl\":\"https:\\\/\\\/bomuldsfabriken.no\\\/wp-content\\\/uploads\\\/2025\\\/06\\\/Plakat_1-20_900.jpg\",\"datePublished\":\"2020-02-03T22:55:20+00:00\",\"dateModified\":\"2025-06-26T20:45:22+00:00\",\"breadcrumb\":{\"@id\":\"https:\\\/\\\/bomuldsfabriken.no\\\/arrangement\\\/26-kunstnere-26-ar\\\/#breadcrumb\"},\"inLanguage\":\"en-GB\",\"potentialAction\":[{\"@type\":\"ReadAction\",\"target\":[\"https:\\\/\\\/bomuldsfabriken.no\\\/arrangement\\\/26-kunstnere-26-ar\\\/\"]}]},{\"@type\":\"ImageObject\",\"inLanguage\":\"en-GB\",\"@id\":\"https:\\\/\\\/bomuldsfabriken.no\\\/arrangement\\\/26-kunstnere-26-ar\\\/#primaryimage\",\"url\":\"https:\\\/\\\/bomuldsfabriken.no\\\/wp-content\\\/uploads\\\/2025\\\/06\\\/Plakat_1-20_900.jpg\",\"contentUrl\":\"https:\\\/\\\/bomuldsfabriken.no\\\/wp-content\\\/uploads\\\/2025\\\/06\\\/Plakat_1-20_900.jpg\",\"width\":900,\"height\":675},{\"@type\":\"BreadcrumbList\",\"@id\":\"https:\\\/\\\/bomuldsfabriken.no\\\/arrangement\\\/26-kunstnere-26-ar\\\/#breadcrumb\",\"itemListElement\":[{\"@type\":\"ListItem\",\"position\":1,\"name\":\"Home\",\"item\":\"https:\\\/\\\/bomuldsfabriken.no\\\/\"},{\"@type\":\"ListItem\",\"position\":2,\"name\":\"26 KUNSTNERE \u2013 26 \u00c5R\"}]},{\"@type\":\"WebSite\",\"@id\":\"https:\\\/\\\/bomuldsfabriken.no\\\/#website\",\"url\":\"https:\\\/\\\/bomuldsfabriken.no\\\/\",\"name\":\"Bomuldsfabriken\",\"description\":\"Kunsthallen i Arendal \u2013 Bomuldsfabriken\",\"publisher\":{\"@id\":\"https:\\\/\\\/bomuldsfabriken.no\\\/#organization\"},\"potentialAction\":[{\"@type\":\"SearchAction\",\"target\":{\"@type\":\"EntryPoint\",\"urlTemplate\":\"https:\\\/\\\/bomuldsfabriken.no\\\/?s={search_term_string}\"},\"query-input\":{\"@type\":\"PropertyValueSpecification\",\"valueRequired\":true,\"valueName\":\"search_term_string\"}}],\"inLanguage\":\"en-GB\"},{\"@type\":\"Organization\",\"@id\":\"https:\\\/\\\/bomuldsfabriken.no\\\/#organization\",\"name\":\"Bomuldsfabriken\",\"url\":\"https:\\\/\\\/bomuldsfabriken.no\\\/\",\"logo\":{\"@type\":\"ImageObject\",\"inLanguage\":\"en-GB\",\"@id\":\"https:\\\/\\\/bomuldsfabriken.no\\\/#\\\/schema\\\/logo\\\/image\\\/\",\"url\":\"https:\\\/\\\/bomuldsfabriken.no\\\/wp-content\\\/uploads\\\/2025\\\/06\\\/bomlog.svg\",\"contentUrl\":\"https:\\\/\\\/bomuldsfabriken.no\\\/wp-content\\\/uploads\\\/2025\\\/06\\\/bomlog.svg\",\"caption\":\"Bomuldsfabriken\"},\"image\":{\"@id\":\"https:\\\/\\\/bomuldsfabriken.no\\\/#\\\/schema\\\/logo\\\/image\\\/\"},\"sameAs\":[\"https:\\\/\\\/www.facebook.com\\\/Bomuldsfabriken\\\/\",\"https:\\\/\\\/x.com\\\/bomuldsfabriken\",\"https:\\\/\\\/www.instagram.com\\\/bomuldsfabriken\"]}]}<\/script>\n<!-- \/ Yoast SEO plugin. -->","yoast_head_json":{"title":"26 KUNSTNERE \u2013 26 \u00c5R - Bomuldsfabriken","robots":{"index":"index","follow":"follow","max-snippet":"max-snippet:-1","max-image-preview":"max-image-preview:large","max-video-preview":"max-video-preview:-1"},"canonical":"https:\/\/bomuldsfabriken.no\/en\/arrangement\/26-kunstnere-26-ar\/","og_locale":"en_GB","og_type":"article","og_title":"26 KUNSTNERE \u2013 26 \u00c5R - Bomuldsfabriken","og_description":"&nbsp; &nbsp; &nbsp; Bomuldsfabriken Kunsthall markerer sitt 26-\u00e5rsjubileum med et sterkt lag kunstnere &nbsp; Verksliste_1-20 &nbsp; Bomuldsfabriken Kunsthall feirer 26-\u00e5rsjubileum i \u00e5r. Vi foretrekker 2020","og_url":"https:\/\/bomuldsfabriken.no\/en\/arrangement\/26-kunstnere-26-ar\/","og_site_name":"Bomuldsfabriken","article_publisher":"https:\/\/www.facebook.com\/Bomuldsfabriken\/","article_modified_time":"2025-06-26T20:45:22+00:00","og_image":[{"width":900,"height":675,"url":"https:\/\/bomuldsfabriken.no\/wp-content\/uploads\/2025\/06\/Plakat_1-20_900.jpg","type":"image\/jpeg"}],"twitter_card":"summary_large_image","twitter_site":"@bomuldsfabriken","twitter_misc":{"Estimated reading time":"1 minute"},"schema":{"@context":"https:\/\/schema.org","@graph":[{"@type":"WebPage","@id":"https:\/\/bomuldsfabriken.no\/arrangement\/26-kunstnere-26-ar\/","url":"https:\/\/bomuldsfabriken.no\/arrangement\/26-kunstnere-26-ar\/","name":"26 KUNSTNERE \u2013 26 \u00c5R - Bomuldsfabriken","isPartOf":{"@id":"https:\/\/bomuldsfabriken.no\/#website"},"primaryImageOfPage":{"@id":"https:\/\/bomuldsfabriken.no\/arrangement\/26-kunstnere-26-ar\/#primaryimage"},"image":{"@id":"https:\/\/bomuldsfabriken.no\/arrangement\/26-kunstnere-26-ar\/#primaryimage"},"thumbnailUrl":"https:\/\/bomuldsfabriken.no\/wp-content\/uploads\/2025\/06\/Plakat_1-20_900.jpg","datePublished":"2020-02-03T22:55:20+00:00","dateModified":"2025-06-26T20:45:22+00:00","breadcrumb":{"@id":"https:\/\/bomuldsfabriken.no\/arrangement\/26-kunstnere-26-ar\/#breadcrumb"},"inLanguage":"en-GB","potentialAction":[{"@type":"ReadAction","target":["https:\/\/bomuldsfabriken.no\/arrangement\/26-kunstnere-26-ar\/"]}]},{"@type":"ImageObject","inLanguage":"en-GB","@id":"https:\/\/bomuldsfabriken.no\/arrangement\/26-kunstnere-26-ar\/#primaryimage","url":"https:\/\/bomuldsfabriken.no\/wp-content\/uploads\/2025\/06\/Plakat_1-20_900.jpg","contentUrl":"https:\/\/bomuldsfabriken.no\/wp-content\/uploads\/2025\/06\/Plakat_1-20_900.jpg","width":900,"height":675},{"@type":"BreadcrumbList","@id":"https:\/\/bomuldsfabriken.no\/arrangement\/26-kunstnere-26-ar\/#breadcrumb","itemListElement":[{"@type":"ListItem","position":1,"name":"Home","item":"https:\/\/bomuldsfabriken.no\/"},{"@type":"ListItem","position":2,"name":"26 KUNSTNERE \u2013 26 \u00c5R"}]},{"@type":"WebSite","@id":"https:\/\/bomuldsfabriken.no\/#website","url":"https:\/\/bomuldsfabriken.no\/","name":"Bomuldsfabriken","description":"Kunsthallen i Arendal \u2013 Bomuldsfabriken","publisher":{"@id":"https:\/\/bomuldsfabriken.no\/#organization"},"potentialAction":[{"@type":"SearchAction","target":{"@type":"EntryPoint","urlTemplate":"https:\/\/bomuldsfabriken.no\/?s={search_term_string}"},"query-input":{"@type":"PropertyValueSpecification","valueRequired":true,"valueName":"search_term_string"}}],"inLanguage":"en-GB"},{"@type":"Organization","@id":"https:\/\/bomuldsfabriken.no\/#organization","name":"Bomuldsfabriken","url":"https:\/\/bomuldsfabriken.no\/","logo":{"@type":"ImageObject","inLanguage":"en-GB","@id":"https:\/\/bomuldsfabriken.no\/#\/schema\/logo\/image\/","url":"https:\/\/bomuldsfabriken.no\/wp-content\/uploads\/2025\/06\/bomlog.svg","contentUrl":"https:\/\/bomuldsfabriken.no\/wp-content\/uploads\/2025\/06\/bomlog.svg","caption":"Bomuldsfabriken"},"image":{"@id":"https:\/\/bomuldsfabriken.no\/#\/schema\/logo\/image\/"},"sameAs":["https:\/\/www.facebook.com\/Bomuldsfabriken\/","https:\/\/x.com\/bomuldsfabriken","https:\/\/www.instagram.com\/bomuldsfabriken"]}]}},"_links":{"self":[{"href":"https:\/\/bomuldsfabriken.no\/en\/wp-json\/wp\/v2\/arrangement\/547","targetHints":{"allow":["GET"]}}],"collection":[{"href":"https:\/\/bomuldsfabriken.no\/en\/wp-json\/wp\/v2\/arrangement"}],"about":[{"href":"https:\/\/bomuldsfabriken.no\/en\/wp-json\/wp\/v2\/types\/arrangement"}],"wp:featuredmedia":[{"embeddable":true,"href":"https:\/\/bomuldsfabriken.no\/en\/wp-json\/wp\/v2\/media\/248"}],"wp:attachment":[{"href":"https:\/\/bomuldsfabriken.no\/en\/wp-json\/wp\/v2\/media?parent=547"}],"curies":[{"name":"wp","href":"https:\/\/api.w.org\/{rel}","templated":true}]}}

26 KUNSTNERE – 26 ÅR

<p>&nbsp;</p>
<p>&nbsp;</p>
<p>&nbsp;</p>
<blockquote class="wp-embedded-content" data-secret="FT4PfI15Td">
<p><a href="https://www.norskebilledkunstnere.no/billedkunst/aktuelt/bomuldsfabriken-kunsthall-markerer-sitt-26-arsjubileum-med-et-sterkt-lag-kunstnere/">Bomuldsfabriken Kunsthall markerer sitt 26-årsjubileum med et sterkt lag kunstnere</a></p>
</blockquote>
<p><iframe loading="lazy" class="wp-embedded-content" sandbox="allow-scripts" security="restricted" style="position: absolute; clip: rect(1px, 1px, 1px, 1px);" title="&#8220;Bomuldsfabriken Kunsthall markerer sitt 26-årsjubileum med et sterkt lag kunstnere&#8221; &#8212; Norske Billedkunstnere" src="https://www.norskebilledkunstnere.no/billedkunst/aktuelt/bomuldsfabriken-kunsthall-markerer-sitt-26-arsjubileum-med-et-sterkt-lag-kunstnere/embed/#?secret=KVNGlR16z2#?secret=FT4PfI15Td" data-secret="FT4PfI15Td" width="500" height="282" frameborder="0" marginwidth="0" marginheight="0" scrolling="no"></iframe></p>
<p>&nbsp;</p>
<p><a href="https://bomuldsfabriken.no/wp-content/uploads/2020/02/Verksliste_1-20.pdf">Verksliste_1-20</a></p>
<p>&nbsp;</p>
<p>Bomuldsfabriken Kunsthall feirer 26-årsjubileum i år. Vi foretrekker 2020 fremfor 2019 (derfor 26 år) og har invitert 26 kunstnere til å delta i vår jubileumsutstilling. Det er satt sammen et representativt lag av kunstnere som har stilt ut her i årene som har gått, med både nye og eldre verk innenfor mange materialer.</p>
<p>&nbsp;</p>
<p>Medvirkende kunstnere:<br />
Berit Marie Friestad, Thomas Hestvold, Leonard Rickhard, Håkon Bleken, Stein Rønning, Dag Alveng, Stig Lundgren, Gunnar Torvund, Espen Tveit, Jon Gundersen, John Raustein, Torbjørn Kvasbø, Marit Tingleff, Hanne Heuch, Kari Dyrdal, Hilmar Fredriksen, Øyvind Torseter, Espen Dietrichson, Signe Solberg, Vanna Bowles, Bente Louise Aas, Tina Jonsbu, Mette Stausland, Inger Johanne Rasmussen, Steinar Elstrøm og Kurt Johannessen.</p>
<p>&nbsp;</p>
<p>Kurator: Harald Solberg</p>
<p>&nbsp;</p>
<p>Foto: Alf Georg Dannevig © Bomuldsfabriken Kunsthall</p>
<p>&nbsp;</p>
<p>&nbsp;</p>
<p>&nbsp;</p>
<p>&nbsp;</p>

<!-- This site is optimized with the Yoast SEO plugin v27.5 - https://yoast.com/product/yoast-seo-wordpress/ -->
<title>26 KUNSTNERE – 26 ÅR - Bomuldsfabriken</title>
<meta name="robots" content="index, follow, max-snippet:-1, max-image-preview:large, max-video-preview:-1" />
<link rel="canonical" href="https://bomuldsfabriken.no/en/arrangement/26-kunstnere-26-ar/" />
<meta property="og:locale" content="en_GB" />
<meta property="og:type" content="article" />
<meta property="og:title" content="26 KUNSTNERE – 26 ÅR - Bomuldsfabriken" />
<meta property="og:description" content="&nbsp; &nbsp; &nbsp; Bomuldsfabriken Kunsthall markerer sitt 26-årsjubileum med et sterkt lag kunstnere &nbsp; Verksliste_1-20 &nbsp; Bomuldsfabriken Kunsthall feirer 26-årsjubileum i år. Vi foretrekker 2020" />
<meta property="og:url" content="https://bomuldsfabriken.no/en/arrangement/26-kunstnere-26-ar/" />
<meta property="og:site_name" content="Bomuldsfabriken" />
<meta property="article:publisher" content="https://www.facebook.com/Bomuldsfabriken/" />
<meta property="article:modified_time" content="2025-06-26T20:45:22+00:00" />
<meta property="og:image" content="https://bomuldsfabriken.no/wp-content/uploads/2025/06/Plakat_1-20_900.jpg" />
	<meta property="og:image:width" content="900" />
	<meta property="og:image:height" content="675" />
	<meta property="og:image:type" content="image/jpeg" />
<meta name="twitter:card" content="summary_large_image" />
<meta name="twitter:site" content="@bomuldsfabriken" />
<meta name="twitter:label1" content="Estimated reading time" />
	<meta name="twitter:data1" content="1 minute" />
<script type="application/ld+json" class="yoast-schema-graph">{"@context":"https:\/\/schema.org","@graph":[{"@type":"WebPage","@id":"https:\/\/bomuldsfabriken.no\/arrangement\/26-kunstnere-26-ar\/","url":"https:\/\/bomuldsfabriken.no\/arrangement\/26-kunstnere-26-ar\/","name":"26 KUNSTNERE – 26 ÅR - Bomuldsfabriken","isPartOf":{"@id":"https:\/\/bomuldsfabriken.no\/#website"},"primaryImageOfPage":{"@id":"https:\/\/bomuldsfabriken.no\/arrangement\/26-kunstnere-26-ar\/#primaryimage"},"image":{"@id":"https:\/\/bomuldsfabriken.no\/arrangement\/26-kunstnere-26-ar\/#primaryimage"},"thumbnailUrl":"https:\/\/bomuldsfabriken.no\/wp-content\/uploads\/2025\/06\/Plakat_1-20_900.jpg","datePublished":"2020-02-03T22:55:20+00:00","dateModified":"2025-06-26T20:45:22+00:00","breadcrumb":{"@id":"https:\/\/bomuldsfabriken.no\/arrangement\/26-kunstnere-26-ar\/#breadcrumb"},"inLanguage":"en-GB","potentialAction":[{"@type":"ReadAction","target":["https:\/\/bomuldsfabriken.no\/arrangement\/26-kunstnere-26-ar\/"]}]},{"@type":"ImageObject","inLanguage":"en-GB","@id":"https:\/\/bomuldsfabriken.no\/arrangement\/26-kunstnere-26-ar\/#primaryimage","url":"https:\/\/bomuldsfabriken.no\/wp-content\/uploads\/2025\/06\/Plakat_1-20_900.jpg","contentUrl":"https:\/\/bomuldsfabriken.no\/wp-content\/uploads\/2025\/06\/Plakat_1-20_900.jpg","width":900,"height":675},{"@type":"BreadcrumbList","@id":"https:\/\/bomuldsfabriken.no\/arrangement\/26-kunstnere-26-ar\/#breadcrumb","itemListElement":[{"@type":"ListItem","position":1,"name":"Home","item":"https:\/\/bomuldsfabriken.no\/"},{"@type":"ListItem","position":2,"name":"26 KUNSTNERE – 26 ÅR"}]},{"@type":"WebSite","@id":"https:\/\/bomuldsfabriken.no\/#website","url":"https:\/\/bomuldsfabriken.no\/","name":"Bomuldsfabriken","description":"Kunsthallen i Arendal – Bomuldsfabriken","publisher":{"@id":"https:\/\/bomuldsfabriken.no\/#organization"},"potentialAction":[{"@type":"SearchAction","target":{"@type":"EntryPoint","urlTemplate":"https:\/\/bomuldsfabriken.no\/?s={search_term_string}"},"query-input":{"@type":"PropertyValueSpecification","valueRequired":true,"valueName":"search_term_string"}}],"inLanguage":"en-GB"},{"@type":"Organization","@id":"https:\/\/bomuldsfabriken.no\/#organization","name":"Bomuldsfabriken","url":"https:\/\/bomuldsfabriken.no\/","logo":{"@type":"ImageObject","inLanguage":"en-GB","@id":"https:\/\/bomuldsfabriken.no\/#\/schema\/logo\/image\/","url":"https:\/\/bomuldsfabriken.no\/wp-content\/uploads\/2025\/06\/bomlog.svg","contentUrl":"https:\/\/bomuldsfabriken.no\/wp-content\/uploads\/2025\/06\/bomlog.svg","caption":"Bomuldsfabriken"},"image":{"@id":"https:\/\/bomuldsfabriken.no\/#\/schema\/logo\/image\/"},"sameAs":["https:\/\/www.facebook.com\/Bomuldsfabriken\/","https:\/\/x.com\/bomuldsfabriken","https:\/\/www.instagram.com\/bomuldsfabriken"]}]}</script>
<!-- / Yoast SEO plugin. -->

26 KUNSTNERE – 26 ÅR - Bomuldsfabriken

&nbsp; &nbsp; &nbsp; Bomuldsfabriken Kunsthall markerer sitt 26-årsjubileum med et sterkt lag kunstnere &nbsp; Verksliste_1-20 &nbsp; Bomuldsfabriken Kunsthall feirer 26-årsjubileum i år. Vi foretrekker 2020
